{"id":961,"date":"2020-06-26T14:00:05","date_gmt":"2020-06-26T12:00:05","guid":{"rendered":"https:\/\/jenui2020.uv.es\/?page_id=961"},"modified":"2020-06-28T20:05:40","modified_gmt":"2020-06-28T18:05:40","slug":"instrucciones-conexion","status":"publish","type":"page","link":"https:\/\/jenui2020.uv.es\/index.php\/instrucciones-conexion\/","title":{"rendered":"Instrucciones conexi\u00f3n"},"content":{"rendered":"<p>Por favor, siga las siguientes instrucciones de conexi\u00f3n para acceder a la plataforma de participaci\u00f3n de JENUI:<\/p>\n<ol>\n<li>Acceda al <a href=\"https:\/\/aulavirtual.uv.es\/?lang=es\">Aula Virtual<\/a> de la Universitat de Val\u00e8ncia (<a href=\"https:\/\/aulavirtual.uv.es\/?lang=es\">https:\/\/aulavirtual.uv.es<\/a>).<\/li>\n<li>Si no eres de la Universitat de Valencia, elige la opci\u00f3n \u201cUsuarios Externos\u201d<br \/>\n<img decoding=\"async\" loading=\"lazy\" class=\"alignnone wp-image-978\" src=\"https:\/\/jenui2020.uv.es\/wp-content\/uploads\/2020\/06\/AulaVirtual01-300x185.jpg\" alt=\"\" width=\"470\" height=\"290\" srcset=\"https:\/\/jenui2020.uv.es\/wp-content\/uploads\/2020\/06\/AulaVirtual01-300x185.jpg 300w, https:\/\/jenui2020.uv.es\/wp-content\/uploads\/2020\/06\/AulaVirtual01.jpg 604w\" sizes=\"(max-width: 470px) 100vw, 470px\" \/><\/li>\n<li>Se abrir\u00e1 una p\u00e1gina donde puedes introducir tu login y password<\/li>\n<li><img decoding=\"async\" loading=\"lazy\" class=\"alignnone wp-image-979\" src=\"https:\/\/jenui2020.uv.es\/wp-content\/uploads\/2020\/06\/AulaVirtual02-300x226.jpg\" alt=\"\" width=\"469\" height=\"353\" srcset=\"https:\/\/jenui2020.uv.es\/wp-content\/uploads\/2020\/06\/AulaVirtual02-300x226.jpg 300w, https:\/\/jenui2020.uv.es\/wp-content\/uploads\/2020\/06\/AulaVirtual02.jpg 653w\" sizes=\"(max-width: 469px) 100vw, 469px\" \/><br \/>\nRecuerda que debes poner como login la direcci\u00f3n de correo con la que te inscribiste en el congreso. En esa misma direcci\u00f3n recibiste un correo con la contrase\u00f1a para acceder a esta plataforma.<\/li>\n<li>En caso de que no dispongas de la contrase\u00f1a y\/o no encuentres el correo que te fue enviado a esa direcci\u00f3n, puedes pedir que se te env\u00ede otra contrase\u00f1a pulsando en la opci\u00f3n que puedes encontrar m\u00e1s abajo: \u201c\u00bfOlvid\u00f3 su nombre de usuario o contrase\u00f1a?&#8221;. Te enviar\u00e1n un correo a la misma direcci\u00f3n con la que te inscribiste.<\/li>\n<li><span style=\"font-size: medium;\">Al entrar por primera vez, la plataforma te pedir\u00e1 que confirmes un &#8216;Acuerdo de creaci\u00f3n de cuentas externas&#8217;. No te olvides de pulsar el bot\u00f3n que aparece abajo, como en la siguiente<br \/>\n<\/span><img decoding=\"async\" loading=\"lazy\" class=\"alignnone wp-image-1071\" src=\"https:\/\/jenui2020.uv.es\/wp-content\/uploads\/2020\/06\/001_AcuerdoCreacionCuentasExternas-300x212.jpg\" alt=\"\" width=\"463\" height=\"327\" srcset=\"https:\/\/jenui2020.uv.es\/wp-content\/uploads\/2020\/06\/001_AcuerdoCreacionCuentasExternas-300x212.jpg 300w, https:\/\/jenui2020.uv.es\/wp-content\/uploads\/2020\/06\/001_AcuerdoCreacionCuentasExternas-768x542.jpg 768w, https:\/\/jenui2020.uv.es\/wp-content\/uploads\/2020\/06\/001_AcuerdoCreacionCuentasExternas-1024x722.jpg 1024w, https:\/\/jenui2020.uv.es\/wp-content\/uploads\/2020\/06\/001_AcuerdoCreacionCuentasExternas.jpg 1412w\" sizes=\"(max-width: 463px) 100vw, 463px\" \/><\/li>\n<\/ol>\n<ul>\n<li>Si necesitas m\u00e1s informaci\u00f3n contacta con <a href=\"mailto:Ricardo.Ferris@uv.es\">Ricardo.Ferris@uv.es<\/a>\u00a0 y\u00a0\u00a0<a href=\"mailto:Francisco.Martinez-Gil@uv.es\">Francisco.Martinez-Gil@uv.es<\/a><\/li>\n<\/ul>\n","protected":false},"excerpt":{"rendered":"<p>Por favor, siga las siguientes instrucciones de conexi\u00f3n para acceder a la plataforma de participaci\u00f3n de JENUI: Acceda al Aula Virtual de la Universitat de Val\u00e8ncia (https:\/\/aulavirtual.uv.es). Si no eres de la Universitat de Valencia, elige la opci\u00f3n \u201cUsuarios Externos\u201d Se abrir\u00e1 una p\u00e1gina donde puedes introducir tu login y password Recuerda que debes poner [&hellip;]<\/p>\n","protected":false},"author":1,"featured_media":0,"parent":0,"menu_order":0,"comment_status":"closed","ping_status":"closed","template":"","meta":[],"_links":{"self":[{"href":"https:\/\/jenui2020.uv.es\/index.php\/wp-json\/wp\/v2\/pages\/961"}],"collection":[{"href":"https:\/\/jenui2020.uv.es\/index.php\/wp-json\/wp\/v2\/pages"}],"about":[{"href":"https:\/\/jenui2020.uv.es\/index.php\/wp-json\/wp\/v2\/types\/page"}],"author":[{"embeddable":true,"href":"https:\/\/jenui2020.uv.es\/index.php\/wp-json\/wp\/v2\/users\/1"}],"replies":[{"embeddable":true,"href":"https:\/\/jenui2020.uv.es\/index.php\/wp-json\/wp\/v2\/comments?post=961"}],"version-history":[{"count":11,"href":"https:\/\/jenui2020.uv.es\/index.php\/wp-json\/wp\/v2\/pages\/961\/revisions"}],"predecessor-version":[{"id":1084,"href":"https:\/\/jenui2020.uv.es\/index.php\/wp-json\/wp\/v2\/pages\/961\/revisions\/1084"}],"wp:attachment":[{"href":"https:\/\/jenui2020.uv.es\/index.php\/wp-json\/wp\/v2\/media?parent=961"}],"curies":[{"name":"wp","href":"https:\/\/api.w.org\/{rel}","templated":true}]}}